 = 65 + k. What is the units digit of y?
3
Let u be 38/8 + 6/24. Suppose -u*a + 15 = -2*a. Suppose -z = -4*z + 3*t + 78, 0 = -3*z - a*t + 62. What is the tens digit of z?
2
Let a(l) = -214 - l**2 + l**2 + 231 + 10*l + l**2. What is the units digit of a(-10)?
7
Let v be 1/((-46)/24 + 2). Let p be 68/(-6) - (-4)/v. Let c = -7 - p. What is the units digit of c?
4
Let o(k) be the first derivative of -5*k**2/2 + 58*k + 28. What is the hundreds digit of o(-18)?
1
Let d = 144 + 15. What is the hundreds digit of d?
1
Suppose 4*m - 8 = -0*a - 3*a, 2*a = 4*m - 28. Let x be (2 - 1)/(a/180). Let k = x + 70. What is the units digit of k?
5
Suppose c + 479 = 2*g, -4*g - 54 = 3*c - 1027. Let y = g - 106. What is the tens digit of y?
3
Let x = 668 - 1074. Let z = -283 - x. What is the hundreds digit of z?
1
Let n be (-8)/28 - 535/(-35). Let l(v) = v - 14. Let s be l(n). What is the tens digit of ((-4)/10)/(s/(-45))?
1
What is the hundreds digit of -42 + 42 - (-1809 + 0 - 0)?
8
Let w(y) = y**3 + 23*y**2 - 48*y + 56. What is the units digit of w(-25)?
6
Let s be 2/5*510/(-6). Let i = -42 + 24. Let b = i - s. What is the units digit of b?
6
Suppose -4*d = -15 - 17. What is the tens digit of (84/d)/(1/6)?
6
Let s = 60 + 248. What is the units digit of s?
8
Suppose 4*g = 5*k - 10, -5*g = -g - 2*k + 4. Let f(t) = t**2 + t - 4. Let c be f(g). What is the tens digit of (c/6)/(2/(-81))?
2
Suppose -19*k - 426 = -20*k. What is the tens digit of k?
2
Let u be 21 + -19 + 1 + 0. Let o(s) = -s**3 - s**2 - s. Let k(p) = -2*p**3 - 9*p**2 - 4*p - 3. Let l(n) = k(n) - 5*o(n). What is the units digit of l(u)?
5
Let v(s) = s**2 - s + 11. Let k be v(7). Let r = k + 47. Suppose 3*z = -2*z + r. What is the tens digit of z?
2
Suppose -8 = 2*m + 2*m. Let w be 3 + 3/(-3)*m. Suppose -w*g = -4*i + 47, 3*i + 2 - 20 = -2*g. What is the units digit of i?
8
Suppose 0 = 3*v - 21 + 6. Suppose 12 - v = -s. What is the tens digit of ((-24)/s)/(21/147)?
2
Let b(a) = 308*a**2 - 6*a - 1. What is the units digit of b(-1)?
3
Let m = 427 + -404. What is the tens digit of m?
2
Let h(o) = o**3. Suppose -25 = -4*p - p. Suppose -p*x + 4*u = -19, 4*u + 2 = x - 5. What is the units digit of h(x)?
7
Suppose 4*w - 1 = -z + 2, 4*w + 24 = -4*z. Let r(o) = -1. Let i(x) = -x - 3. Let g(f) = 3*i(f) + 6*r(f). What is the tens digit of g(z)?
1
Let y = 390 - 284. What is the tens digit of y?
0
Let z(g) = 103*g + 3. Let p be 48/12 - (5/1 - 2). What is the hundreds digit of z(p)?
1
Suppose -2*t - 21 = 3*y - 3*t, -y + 9 = 5*t. Let g(k) = k**2 + 2*k. Let z be g(y). Let m = 71 - z. What is the units digit of m?
7
Suppose 5*m + 3*j - 11965 = 8*j, -m + 2399 = -3*j. What is the units digit of m?
0
Let f(w) = 20*w**2 + 22*w + 5. What is the hundreds digit of f(-5)?
3
Let k(v) = -v**2 + 27*v - 13. Let c be k(24). Let r(x) = -4*x**2 - 3*x. Let z be r(-3). Let q = z + c. What is the units digit of q?
2
Suppose l = 6*l. Let k be 6 + 6/(-3) + 0. Suppose l*c - 228 = -k*c. What is the units digit of c?
7
Suppose h + 5*g - 15 = 3*h, 3*h - g = -3. Suppose h*o - 2*o = 2*b - 250, -4*b - 2*o + 502 = 0. What is the hundreds digit of b?
1
What is the hundreds digit of 377 + 40/5 + 7?
3
Suppose 3*p + 425 = -2*p. Let n = -46 - p. What is the units digit of n?
9
Suppose -288 = 10*s - 12*s. What is the hundreds digit of s?
1
Let p(b) = -b**3 - 3*b**2 - 4*b. Let y be p(-6). Suppose -y + 7 = -5*o. Suppose 3*h = -4*f + o, -4*h + 3 + 7 = 2*f. What is the units digit of f?
7
What is the tens digit of 321/(-2)*250/(-75)?
3
Suppose 0 = 17*m - 13*m + 1076. Let l = m + 383. What is the tens digit of l?
1
Suppose 4*x = 5*n + 37, 5*x - 39 = 2*n - 3*n. Suppose 5*b + x = -7. What is the units digit of 24/(-9)*b + 2?
0
Suppose 11*t - 3671 - 5305 = 0. What is the hundreds digit of t?
8
Let q(u) = 157*u + 15. What is the tens digit of q(3)?
8
Let w(p) = 5*p**2 + 5 - 2 - 4. Let s(x) = x**2 - 10*x + 8. Let o be s(9). What is the units digit of w(o)?
4
Let k = -40 + 41. What is the tens digit of (1 - k - -120)/((-12)/(-8))?
8
What is the hundreds digit of (-2)/10 + (-256817)/(-185)?
3
Let i be 3 + (-1)/(3/48). Let n be -704*(3 - (-2)/(-1)). What is the tens digit of n/i - (-14)/(-91)?
5
Let h(o) = o**3 + 10*o**2 + 9*o + 2. Let l be h(-9). Suppose -l*u + 144 = -4*j, 3*u - 3*j = -8*j + 172. What is the units digit of u?
4
Let a = 196 - -24. What is the tens digit of a?
2
Let m = -7 - 7. Let g = -13 - m. What is the tens digit of 26/(1/g) - 0?
2
Suppose 0 = 2*c + 5*g - 950, -3*c + g = 2*c - 2429. Suppose -4*v + c = -j, -v + 0*v = 5*j - 116. What is the units digit of v?
1
Let u = 14917 + -10085. What is the units digit of u?
2
Suppose -4*l - 2*b - 62 = 0, 3*b + 6 = -2*l + 7*b. Let n(z) = z**2 + 3*z + 1. Let f be n(3). Let a = l + f. What is the units digit of a?
6
Let r(f) = f**3 - 4*f**2 + f + 6. Let p be r(3). Let a(z) = -81*z + p + 61*z - 6 + 4. What is the tens digit of a(-2)?
3
Suppose 6*z - 718 = -250. Let n = 26 + z. What is the units digit of n?
4
Let z(a) = a**3 + 13*a**2 + 9*a. What is the hundreds digit of z(-9)?
2
Let n = 19 + -19. Suppose 5*b + 80 - 360 = n. Suppose -s = 2*s + 4*q - b, -3*q - 36 = -s. What is the units digit of s?
4
Suppose 4*y - 7*y + 8000 = 5*r, 3*r - 4*y = 4829. What is the units digit of r?
3
Let z(x) = 945*x**2 - 11*x + 11. What is the units digit of z(1)?
5
Let f be 1448/10 + (-4)/5. Suppose -4*y - f = -12*y. What is the tens digit of y?
1
Suppose 3*u = -k + 14, 3*u + 0 - 13 = -2*k. Suppose -104 = -4*s - 4*n + 1148, u*s - 4*n = 1520. What is the tens digit of s?
0
What is the units digit of 12/60 - (-2)/((-30)/(-3597))?
0
Suppose 0 = -7*d + 10*d. Suppose d = -0*n + n - 133. What is the units digit of n?
3
Let s be 1*(-1)/(1/(-3)). Suppose 2*f - 21 = -t, 0*f = s*f + 9. What is the units digit of t?
7
Let r = 4 - 4. Suppose 2 = -2*t + 8. Suppose -2*c - t*p = 12 - 73, r = p - 5. What is the units digit of c?
3
Let h = -132 + 93. Let z = 44 + h. What is the units digit of z?
5
Suppose -4*o + 614 = -282. What is the tens digit of o?
2
Let g = 11 + 20. Suppose -19 = -2*n + g. What is the units digit of 67/5 + (-10)/n?
3
Let u be (4/(-6))/(8/(-204)). Let s = u - 17. Suppose 5*o = h - 30, 4*h - o = -s*o + 82. What is the tens digit of h?
2
Let x(m) be the first derivative of -37*m**2/2 - 4*m + 13. What is the units digit of x(-7)?
5
Suppose 0 = -3*p - 2*p - 2*i, -2*p = -5*i - 29. Let k be (6 - 3 - p) + 137. What is the tens digit of (20/30)/(4/k)?
2
Let c be 2/14 + (-755)/(-7). Suppose 0 = 181*i - 184*i + c. What is the tens digit of i?
3
Let n = 375 - 379. Let t(d) = -d**3 - d - 35. Let h be t(0). What is the tens digit of ((-168)/h)/(n/(-10))?
1
Let r = -289 + 411. Suppose -r = -3*s + 55. What is the tens digit of s?
5
Let o = 2724 - 1462. What is the hundreds digit of o?
2
Let d be -2 - (-1 + 0) - -4. Let m(j) = -j**2 - 16*j + 4. Let n be m(-16). Suppose 0*h - 70 = -4*y + d*h, -n*y + 54 = 5*h. What is the tens digit of y?
1
What is the units digit of 949 + 30 + 9/(-6)*2?
6
Suppose 0 = r - 7*r - 2*r. Let l = 27 + r. What is the tens digit of l?
2
Let w = 903 + -390. What is the hundreds digit of w?
5
Let x(f) = 85*f + 7. Let i be ((-2)/4)/(9/54). Let b be x(i). What is the units digit of b/(-6) + 10/15?
2
Let s(y) = 3*y**2 - 85*y - 5. What is the units digit of s(36)?
3
Let m(p) = -p + 18. Let f be ((-1)/(-2))/((-2)/80). What is the tens digit of m(f)?
3
Let i = -144 - -3202. What is the hundreds digit of i?
0
Let f be (3 - (-5)/(-2))*-12. Let g = 5 + f. What is the units digit of g*(9*-1 - -2)?
7
Let f = -415 + 2107. What is the units digit of f?
2
Let v(c) be the first derivative of -4*c**2 + 2*c + 44. Let u = 3 + -5. What is the tens digit of v(u)?
1
Let d(s) = 39*s - 116. What is the tens digit of d(13)?
9
Suppose 2*q - 5*g - 257 = 0, -4*q - 3*g - g = -556. What is the hundreds digit of q?
1
Let x = 521 - -3. What is the hundreds digit of x?
5
Let r be (-3 - 16/(-3)) + (-4)/12. Suppose 7*l - 4*w - 1003 = r*l, 0 = 4*w - 12. What is the units digit of l?
3
Suppose 0 = 51*k - 65*k + 16716. What is the units digit of k?
4
Let s = -73 - -188. Let p(g) = -3*g - 10. Let n be p(-4). Suppose -n*c + s = 3*c. What is the units digit of c?
3
Let p(b) = -b**2 + 2*b**2 - 277 + 286. Let s be -2*((1 - 2) + -1). What is the tens digit of p(s)?